te the highest common factor of t and k.
26
Let m = 1470 + -958. Suppose -t + y - 128 = -0*y, 4*t = -5*y - m. Let l = -56 - t. What is the highest common divisor of l and 8?
8
Suppose -107*r + 217*r = 220. What is the greatest common factor of 73 and r?
1
Let b = 573 + -33. What is the highest common divisor of 144 and b?
36
Suppose 2994*b - 3002*b + 216 = 0. Calculate the greatest common factor of 8 and b.
1
Let z be 490 - (-7 - (-161)/21)/((-6)/18). What is the highest common factor of z and 96?
12
Let z = 25725 - 25595. What is the highest common divisor of 598 and z?
26
Let i(x) = 23*x**2 - 3*x + 26. Let j be i(5). Suppose 584*s = j*s - 24. What is the greatest common divisor of s and 27?
3
Let o(f) = -36*f - 21. Let w be o(-19). Let q be (-12)/9 + w/(-9). Let a = 95 + q. What is the greatest common divisor of a and 15?
5
Suppose -2*k - 2 = 4*i + 16, 3*i = -k - 11. Let t(m) = -6*m + 2. Let w be t(k). What is the highest common divisor of 2 and w?
2
Let s = -2 + 56. Suppose 5*k - 310 = 5*u, 0*k + 4*k - 2*u = 258. Let r = -49 + k. What is the greatest common factor of r and s?
18
Let t(s) = 16*s + 470. Let p = -372 + 347. Let z be t(p). Calculate the highest common factor of z and 20.
10
Suppose -4572*c + 4604*c - 113280 = 0. Calculate the greatest common factor of c and 60.
60
Let d = -94648 + 142146. What is the highest common divisor of d and 17?
17
Let i(z) = -5*z + 31. Let f be i(7). Let r be (-2 - -6) + -2*f/(-4). Suppose 2*o + 3*o - r*a - 111 = 0, a = 2. Calculate the greatest common factor of 69 and o.
23
Suppose 8*z - 4*z - 3*h = 10792, z + 4*h - 2679 = 0. Suppose 10*w - z - 295 = 0. Calculate the highest common factor of w and 23.
23
Let m be (-7 + 4)/(4 + -5). Let u be ((-1)/(-3))/(m/198). Let z = 80 - 25. What is the highest common divisor of z and u?
11
Suppose 0 = 3*s - 32 + 23. Suppose -7*g = -s*g + 4, -2*b = -g - 19. Calculate the greatest common divisor of 153 and b.
9
Let u(x) = 125*x - 239. Let g be u(3). Suppose 4*z - 8*q + 3*q - 33 = 0, 4*z - 3 = -q. Suppose -z*j + 24 = j. What is the highest common divisor of g and j?
8
Suppose n + 2*s = 3*n - 1316, -3960 = -6*n + 3*s. What is the greatest common factor of 2 and n?
2
Let z = 18 - 6. Suppose v + 4*p - 19 = 0, v - 14 = 3*p + 5. Suppose 8*s - v*s + 66 = 0. Calculate the highest common factor of s and z.
6
Suppose -492 = -3*m - 5073. Let l be (-2)/(-12) + m*4/(-72). What is the highest common factor of l and 17?
17
Let m be (309 - 1)*(-1)/(-2). Suppose 226*h - 1188 = 199*h. What is the greatest common divisor of m and h?
22
Let n be (-6)/27 - ((-14300)/9)/(-5). Let s = n - -331. What is the highest common divisor of 26 and s?
13
Let t(a) = 1293*a + 9800. Let c be t(0). Calculate the greatest common factor of c and 112.
56
Let d be (-383)/2 - (-11)/(-22). Let q = -178 - d. Calculate the highest common factor of 112 and q.
14
Let p(b) = -3*b - 4. Let c be p(-3). Let q = 339 - 339. Suppose -5*m = -c*y + 10, -5*y + 2*m = -q*y - 10. What is the highest common factor of y and 2?
2
Let w be 3*(6 + (2 - 7)). Suppose 0 = w*y - 30 - 18. What is the greatest common factor of 176 and y?
16
Let y = -8448 + 12450. What is the highest common factor of 690 and y?
138
Suppose 4 = -0*d + 2*d. Let m be d/(-9) + (-4928)/(-63). What is the highest common factor of 52 and m?
26
Let v(c) = -14*c + 91*c + 62 - 73*c. Let f be v(-3). What is the highest common divisor of 350 and f?
50
Suppose -490 = -15*d + 8*d. Let l be ((-108)/63)/((-5)/(d/4)). Calculate the highest common divisor of l and 15.
3
Suppose 9*j + 1207 - 3934 = 0. Let q = 333 - j. What is the greatest common factor of 20 and q?
10
Let o = -36 + -3. Let a = -36 - o. Suppose 3*g + 2*h = 6, 2*g - a*h = -3*g + 29. What is the highest common factor of g and 20?
4
Suppose -185*r = -44094 - 30617 + 5891. What is the greatest common divisor of 620 and r?
124
Let n = -9 - -10. Let d be ((-4)/6)/n*-144. Let i(v) = -v**3 + 12*v**2 - 34*v + 25. Let g be i(7). Calculate the greatest common factor of d and g.
32
Let v(t) = 82*t - 54. Let o be v(1). What is the greatest common divisor of 8582 and o?
14
Suppose -2*k + 18*b = 23*b - 26111, 4*b - 26108 = -2*k. What is the greatest common factor of 112 and k?
56
Suppose 104 = 5*u + 4*l, u - 35 = -2*l - 19. What is the highest common factor of 664 and u?
8
Let y = -23827 - -24035. Let f be -2 - (6/3 - 36). Calculate the greatest common divisor of f and y.
16
Suppose -37*d = 3*m - 33*d - 2472, 3*m - 3*d = 2430. Calculate the highest common factor of m and 1496.
136
Let k be ((-3)/(-6) - 1323/14)*-2. What is the greatest common divisor of 12 and k?
4
Let r(s) = 285*s**2 + s + 1. Let q be r(-1). Let m be (17 - 36)/(((-7)/1)/7). Calculate the greatest common divisor of q and m.
19
Let o = 32 + -23. Suppose 0 = -o*b - 15 - 147. Let k be (-356)/b - 16/(-72). Calculate the highest common factor of k and 4.
4
Suppose -2*n + 0*n = -w - 3, w = 3*n - 6. Suppose w*m - 42 = 78. Suppose 4*h - q = 23, 6*q + 20 = h + q. What is the greatest common divisor of m and h?
5
Let w = -5140 - -5195. Calculate the highest common divisor of w and 135.
5
Let p = 9947 - 5581. What is the greatest common divisor of p and 148?
74
Suppose 0 = -v + 2*a + 180, -5*v = 4*a - a - 952. Let o = v - 185. Calculate the highest common factor of o and 51.
3
Let b be (4/(-6)*1)/((-53)/161385). What is the greatest common divisor of 140 and b?
70
Let r(u) = -u**2 + 46*u + 1338. Let h be r(66). What is the highest common divisor of 2910 and h?
6
Suppose -1660*g + 1633*g = -127872. What is the greatest common factor of 111 and g?
37
Let x be (200/(-32) + 6)/((-1)/8). Let g = -52 - -53. Calculate the greatest common divisor of g and x.
1
Let s = 432 + 20. Suppose 9*c = -s + 1307. Let w = 99 - c. Calculate the highest common factor of w and 3.
1
Let f be 1*17/(17/3625). Calculate the greatest common factor of f and 145.
145
Suppose -5*q + 5*i = 0, 2*i = 5*i - 9. Suppose 4*k - 1004 = 2*x, q*x = 5*k - 440 - 816. What is the highest common divisor of k and 20?
10
Suppose -4*s - 4*n + 4512 = 0, -s + 25*n = 21*n - 1143. Suppose -37*r + 8*r = -s. What is the highest common factor of 13 and r?
13
Let j = -59 + -18. Let x = 228 - j. What is the highest common factor of 61 and x?
61
Suppose 5*d - 7*d = 0. Let x(z) = -z + d*z - 214 + 230. Let b be x(-14). What is the greatest common divisor of 20 and b?
10
Let k be 18/4*(-157 + 263). Calculate the highest common factor of 24 and k.
3
Let b(y) = 32*y - 7. Let i be b(-1). Let l = i - -51. Let a(t) = t**2 + 10*t - 8. Let w be a(l). Calculate the highest common divisor of 32 and w.
32
Let f(q) = 3*q + 189. Let s(w) = 2*w - 27. Let i be s(6). Let l be f(i). Calculate the greatest common divisor of l and 32.
16
Suppose 32 = 4*m - 49*h + 53*h, 2*m - h = 22. What is the highest common divisor of m and 1210?
10
Let i = -6757 + 13481. What is the highest common factor of 164 and i?
164
Let r = 10 - -16. Let f = -16 - r. Let y = -30 - f. Calculate the greatest common factor of 6 and y.
6
Suppose -d + 10236 = 4*g, -6*g + 3*d - 10228 = -10*g. What is the highest common factor of g and 30?
10
Let i(u) = u**3 - u**2 + 5 - 2*u**3 + 0*u**2 + 6*u - 3*u. Let n be i(-5). Let k = -338 + 368. Calculate the highest common divisor of n and k.
30
Let l be ((-35564)/(-6) - 2)/(31 - (-1656)/(-54)). What is the greatest common factor of l and 16?
16
Suppose 2*a + 60 - 231 - 75 = 0. Calculate the greatest common factor of a and 11357.
41
Suppose -3*v + 1374*v = 37017. Suppose -c + k = -0*k + 7, 3*c + 4*k = 0. Let f be (1 - 5/c)*4. What is the highest common factor of f and v?
9
Let l(d) = 22*d**2 + 16*d - 56. Let o be l(11). Calculate the greatest common factor of o and 26.
26
Let p(v) = v**3 - v**2 - 129*v + 738. Let s be p(9). What is the highest common factor of 2825 and s?
25
Suppose 3*p + 53*t = 56*t + 23127, 5*t + 30829 = 4*p. What is the greatest common factor of 12 and p?
12
Let c(j) = 9*j**3 + 10*j**2 - 20*j - 7. Let n be c(3). Calculate the greatest common factor of 112 and n.
14
Suppose 28*w - 26*w = -v + 798, -w + 4*v + 408 = 0. Suppose 128 = 4*d - 3*f - 81, -4*d = -f - 203. Calculate the greatest common divisor of w and d.
50
Let p be 2/(-4)*(5 - (5 + 0)). Suppose 0 = -5*a - p*a + 290. Calculate the greatest common divisor